 - 72. What are the prime factors of q?
19
Let r be 16/8 + (0 - -1). Suppose 0 = 2*n - 2*m + m - 19, -r*m - 7 = -n. List the prime factors of n.
2, 5
Let i = 9 + -13. Let h = i + 3. List the prime factors of h/(((-12)/15)/4).
5
Let l = -5 + 8. Suppose 3*z + 78 = 2*f, l*f - 3*z - 123 = -0*f. What are the prime factors of f?
3, 5
Let a = -109 + 210. Let s = -60 + a. List the prime factors of s.
41
Let r = 7 - 13. Let w(z) = -z**2 - 2*z + 2. Let x be w(r). Let t = -9 - x. List the prime factors of t.
13
Suppose -5*h = 3*s - 43, 0 = -5*s + 3*h + 15 - 0. Let m = 4 - 1. Suppose m*z + s = 5*z. What are the prime factors of z?
3
Let z(j) = -3*j**2 - 2*j - 2. Let y(o) = -4*o**2 - 3*o - 1. Let p(w) = 2*y(w) - 3*z(w). What are the prime factors of p(5)?
29
Let s = -59 - -23. Let f = 56 + s. What are the prime factors of f?
2, 5
Suppose 5*d = -8 + 3. Let c = -3 + d. Let f(m) = -3*m + 3. What are the prime factors of f(c)?
3, 5
Let w = 5 - -2. List the prime factors of w.
7
Suppose 0*m - 2*m = 5*j - 17, -4*m - 26 = -2*j. Suppose 0 = -j*h + 4*n + 74, 0 = -n - 2*n - 3. What are the prime factors of h?
2, 7
Let c(d) = -d**2 + 3*d - 1. Suppose 4*b - 2*j - 12 = 0, -j - 2 - 5 = -3*b. Let t be c(b). What are the prime factors of (t/3)/((-6)/(-36))?
2
Let x(m) = -m + 1. List the prime factors of x(-8).
3
Let a(h) = -h + 7. What are the prime factors of a(-18)?
5
Let d be 2*-1*1/(-2). Let n be ((-3)/d)/(-3) + -6. List the prime factors of (n*1)/(1 - 2).
5
Let z(f) = -f**3 - 7*f**2 - 6*f + 8. What are the prime factors of z(-6)?
2
Let x(b) = -b**3 - 4*b**2 - 2*b - 5. Let m be x(-4). Suppose -p + 2*d = -10, -5*p = -p + d + 5. Let u = m + p. List the prime factors of u.
3
Let w = -20 + 15. List the prime factors of 5/(w/(-3)) + 21.
2, 3
Suppose -7 = 2*h + 25. Suppose -65 = 5*c - 4*j, j + 11 = -4*c - 4*j. List the prime factors of (h/(-6))/((-2)/c).
2, 3
Suppose 2*m - 4*n = 312, -2*m = 3*m + 4*n - 850. List the prime factors of m.
2, 83
Let g(p) = -p + 3. Let a be g(0). List the prime factors of a/((-18)/26)*-3.
13
Let c be 31/(-2)*(-6)/3. Suppose 11 = 4*j + c. What are the prime factors of 7 - j/((-10)/4)?
5
Suppose -21 = -3*y - 5*x, 3*y + 3 = 6*y - x. Suppose k = y + 1. List the prime factors of k.
3
Let v(g) = g**2 + 2 + 8*g + 2 - 2*g**2. Let d be (-30)/225 - 244/(-30). What are the prime factors of v(d)?
2
Suppose -j - l = j - 3, -j + 15 = -4*l. Suppose -20 = -j*f + 13. Suppose f = 3*n - 22. List the prime factors of n.
11
Suppose r + 52 - 76 = 0. List the prime factors of r.
2, 3
What are the prime factors of (-472)/(-12)*(3 + 0)?
2, 59
Suppose 3*a = -s + 13, 34 = -s + 3*s - 2*a. What are the prime factors of s?
2
List the prime factors of (-132)/(-5)*50/15.
2, 11
Suppose 4*r - 6*r = -12. What are the prime factors of ((-160)/(-30))/(4/r)?
2
Let b(w) = w + 1. Let o(k) = -4*k - 4. Let h(c) = -11*b(c) - 2*o(c). Suppose 15 = -4*m + 7. List the prime factors of h(m).
3
Let o = -11 - -58. What are the prime factors of o?
47
Let a(y) = 3*y**2 + y**3 - 4*y - 2 + 1 + 0*y + 4. List the prime factors of a(2).
3, 5
Suppose 5*i + 4 = -6. What are the prime factors of -2*(-1 + -5) + i?
2, 5
Suppose 0 = -v - 0*v - 39. Let h = v + 61. List the prime factors of h.
2, 11
Let k(a) = -5*a**2 + 15*a + 24. Let t(y) = -y**2 + 3*y + 5. Let r(x) = 2*k(x) - 11*t(x). List the prime factors of r(9).
47
Suppose v - 67 = 2*o, 3*v - 2*v = -o + 79. Suppose -5*f + 103 = -4*y, -3*f + v - 22 = 2*y. List the prime factors of f.
19
Let b(a) = a**3 - 7*a**2 + 10*a - 6. Let u be b(6). Suppose -3*h = -3*n + 4*n + 8, 0 = -5*n - 4*h + 4. Suppose n*w - u + 6 = 0. List the prime factors of w.
3
Let x be (2 + 3)*5/5. Suppose -58 = x*j - 7*j. List the prime factors of j.
29
Suppose -3*p = -88 - 8. Suppose -p = -3*k - k. List the prime factors of k.
2
Let m = 7 + -4. Suppose 0*w = m*w - 15. Let k = w - -2. What are the prime factors of k?
7
Let c(v) = -129*v**3 + v**2. List the prime factors of c(-1).
2, 5, 13
Suppose 0*x - r - 11 = -5*x, -x + 2*r + 4 = 0. Let m = 4 + x. What are the prime factors of m?
2, 3
Suppose -3*k + 4*r = -5*k + 522, 4*r + 763 = 3*k. What are the prime factors of k?
257
Let l = -13 + 18. Suppose -f + 51 = h, 3*f + 0*f + l*h = 161. List the prime factors of f.
47
Suppose 2*o - o = 1. Suppose 4*v + o - 17 = 0. What are the prime factors of v?
2
Let k be (20/30)/(2/27). List the prime factors of (12 + -10)*(k + 1).
2, 5
Let x = 0 - -2. Suppose t = x*t - 10. What are the prime factors of t?
2, 5
Let l(p) = 3*p**2 - 2. Suppose -c = 1, 5*v - 3*v = 5*c + 25. Let m(y) = y**3 - 9*y**2 - 9*y - 12. Let q be m(v). What are the prime factors of l(q)?
2, 5
Suppose l + 4*u - 241 = 119, u = -l + 369. List the prime factors of l.
2, 3, 31
Let t = -76 - -88. What are the prime factors of t?
2, 3
Let y be 1 + 3/(3/2). Suppose -3*l + l + 4*p + 16 = 0, 0 = -y*l + 5*p + 21. Suppose -l*k = -0*k - 18. List the prime factors of k.
3
Suppose -7*a = -1826 - 22. What are the prime factors of a?
2, 3, 11
Let w = 2 + 3. Let t = w + -4. List the prime factors of 3*(4 + t) - 0.
3, 5
Let c = -4 - -6. What are the prime factors of 21 - (c - 1)*0?
3, 7
Suppose 0 = p - 2*r - 10 - 2, -5*r - 51 = -4*p. What are the prime factors of p?
2, 7
Let n be (99/(-6))/(1/(-2)). Let l be (-13 + 2)*-1*-2. Let c = n + l. List the prime factors of c.
11
Let p = -27 + 64. Suppose -2*r + p = -103. Suppose -5*v + r + 6 = b, v = 3*b + 12. List the prime factors of v.
3, 5
Let g be (2 + -2 + 20)*4. Suppose -5*m - g + 260 = 0. Suppose 0 = -t + 4*t - m. List the prime factors of t.
2, 3
Let t = -105 - -157. Let d = t + -36. Suppose 2*j - d = -2*j. List the prime factors of j.
2
Let m(l) = -l**3 - 9*l**2 - 8*l + 4. Let f be m(-8). What are the prime factors of -2*(-2 - 0 - f)?
2, 3
Let s be (-26)/(-4)*2/1. Let x(n) = n**2 - 4*n - 4. Let r be x(4). Let g = s + r. List the prime factors of g.
3
Suppose b = -5*c + 4 + 1, -5*b - 3 = -3*c. Let g be -2 - c/((-1)/2). Suppose g = 7*f - 3*f - 32. List the prime factors of f.
2
Let z be 163/7 - 8/28. Suppose -45 = -4*b + z. What are the prime factors of b?
17
Let h(f) = 5*f + f**3 + 3*f + 0*f + 8*f**2 + 9. Let m be h(-7). Suppose -8 - 2 = -m*d. What are the prime factors of d?
5
Suppose g + o - 5 = -g, -15 = 4*g - 3*o. Suppose 3*s + 0*s = -4*b - 5, g = 5*s - 5*b - 50. Suppose 0 = s*m - 74 + 14. List the prime factors of m.
2, 3
Let t = -16 + 14. Let v(u) = u**3 - 5*u**2 + u - 7. Let y be v(5). What are the prime factors of 0 - (t - 8 - y)?
2
Suppose 2*g - 246 = 4*a, -154 = -2*g + 3*a + 95. List the prime factors of g.
3, 43
Let z(r) = r + 36. Suppose -2*y = -5*y - 33. What are the prime factors of z(y)?
5
What are the prime factors of (31 + -2 - 5)*(-10)/(-3)?
2, 5
Suppose 3*f + 20 = 62. What are the prime factors of f?
2, 7
Let s = 73 - 49. What are the prime factors of s?
2, 3
Suppose -m + 2*g = -6*m + 270, m = 5*g + 81. What are the prime factors of m?
2, 7
Suppose 0 = 3*x - 10 + 1. Suppose x*z - 2*i = -31, 0*z - 2*z - i - 30 = 0. Let b = z - -30. List the prime factors of b.
17
Let f be 18/10 - 20/25. Suppose 5*u - 2*u = 12. Let t = u - f. What are the prime factors of t?
3
List the prime factors of 16/40 - 1336/(-10).
2, 67
Let d be (0 - 2) + (-8)/2. Let c = d - -10. Suppose 29 = c*k - 3. List the prime factors of k.
2
Let l(y) = -y**2 - 10*y - 10. Let b be l(-9). List the prime factors of (4/(16/(-92)))/b.
23
Let x = 1 + 1. Let t be (-9)/3 - -2 - x. Let u = 13 + t. List the prime factors of u.
2, 5
Let k = -156 - -260. What are the prime factors of k?
2, 13
Let v(g) = -g**2 + 1 + 6 - 7*g - g. Let u = -19 + 11. What are the prime factors of v(u)?
7
Suppose -2*i - 5*a + 288 = 0, -5*i = -3*a + a - 749. List the prime factors of i.
149
Let z(x) be the third derivative of x**5/60 + x**4/24 + 4*x**2. What are the prime factors of z(4)?
2, 5
Suppose 9*t - 13*t = -20. Suppose t*h - 21 + 1 = 0. Suppose -4 = h*i - 88. List the prime factors of i.
3, 7
Let l(m) = -m**2 - m + 9. Let u(n) = -n**3 + 8*n**2 - 7*n. Let f be u(7). List the prime factors of l(f).
3
Let x(w) = w**2 - 2*w + 48. List the prime factors of x(0).
2, 3
Let t = 432 - 175. What are the prime factors of t?
257
Let b = -37 - -72. What are the prime factors of b?
5, 7
Let q = 12 + -7. Let w = q + -1. What are the prime factors of w?
2
Supp